492?
-2498
In base 3, what is 12200002 - -11?
12200020
In base 4, what is -12 + -3021003?
-3021021
In base 4, what is 131312132232 - 0?
131312132232
In base 13, what is -39 + -1922?
-195b
In base 16, what is -32b - 1ba?
-4e5
In base 9, what is 1 - 88483?
-88482
In base 3, what is -121 - -101020222?
101020101
In base 5, what is -2 + -10403304?
-10403311
In base 6, what is -43330 + 5?
-43321
In base 10, what is -1382 - 119?
-1501
In base 16, what is 2 + -b97?
-b95
In base 15, what is 7 + 2538?
2540
In base 9, what is 3 - -17208?
17212
In base 5, what is 32401 + -1?
32400
In base 6, what is 55 - 51235?
-51140
In base 13, what is -a2 + 3?
-9c
In base 10, what is 14774 - 4?
14770
In base 8, what is -6 - 572752?
-572760
In base 5, what is 132013 - -1010?
133023
In base 6, what is 22033 - 11?
22022
In base 10, what is 393 + -181?
212
In base 3, what is -200 - 1100012222?
-1100020122
In base 12, what is -4 - -254b3?
254ab
In base 10, what is 132273 + 3?
132276
In base 4, what is -10223320 + 301?
-10223013
In base 15, what is 4 - 72b1?
-72ac
In base 10, what is 3 + 3902?
3905
In base 11, what is 7 - 2185?
-2179
In base 6, what is -1 + -120010?
-120011
In base 2, what is -11110101110001111 + -111?
-11110101110010110
In base 11, what is -3538a - 33?
-35412
In base 16, what is -1d8e + -17?
-1da5
In base 2, what is 10010 + 101111101?
110001111
In base 6, what is -24111 - -4?
-24103
In base 15, what is -3b82 - -2?
-3b80
In base 2, what is 10100111011001110 + -1011?
10100111011000011
In base 7, what is 54 - -6004?
6061
In base 14, what is a43d8 - -2?
a43da
In base 10, what is 2 - 611304?
-611302
In base 10, what is 4 - -436?
440
In base 6, what is -5212 + -2110?
-11322
In base 7, what is 266432 + 1?
266433
In base 3, what is 20222 + 102000?
122222
In base 12, what is -2 + -1a19?
-1a1b
In base 10, what is -8 + 34121?
34113
In base 7, what is 1326 + 4406?
6035
In base 8, what is -511233 - -6?
-511225
In base 5, what is 2 - 204144?
-204142
In base 11, what is 3 + -37190?
-37188
In base 9, what is 327018 + 5?
327024
In base 5, what is -24312302 - -1?
-24312301
In base 4, what is 112202311 + -1?
112202310
In base 5, what is -3 + -202004102?
-202004110
In base 6, what is 3330344 + 5?
3330353
In base 10, what is -3 - 525299?
-525302
In base 4, what is -1033202 - 1?
-1033203
In base 7, what is -11254 + 42?
-11212
In base 11, what is -3 + -1511?
-1514
In base 10, what is 8 + 25336?
25344
In base 10, what is -58124 + -1?
-58125
In base 15, what is 3 + -4b1b?
-4b18
In base 13, what is -6ba46 + 5?
-6ba41
In base 10, what is 38 + 130?
168
In base 5, what is 1 + -4334413?
-4334412
In base 9, what is 3 - -6113?
6116
In base 6, what is 254 - 1350?
-1052
In base 16, what is -3 + -6451?
-6454
In base 11, what is 9783 + 0?
9783
In base 6, what is -14111 - -30?
-14041
In base 10, what is 47 + -6118?
-6071
In base 12, what is -28 - -1b55b?
1b533
In base 5, what is 11 + 4102011?
4102022
In base 16, what is -4e7 + ac?
-43b
In base 15, what is 131 - ca4?
-b73
In base 7, what is -6443 - -430?
-6013
In base 12, what is -99 - a0b3?
-a190
In base 4, what is 210100 + 1023?
211123
In base 13, what is -14 - 28b26?
-28b3a
In base 6, what is -2213224 + 5?
-2213215
In base 2, what is -10 - -1011101110?
1011101100
In base 3, what is 20211022012 - -2?
20211022021
In base 16, what is -160d38 - 2?
-160d3a
In base 10, what is 3 + -80478?
-80475
In base 3, what is 20022212001 - 1?
20022212000
In base 5, what is 433310 - -243?
434103
In base 4, what is -1232 - 20021?
-21313
In base 14, what is -1b7b - -11?
-1b6a
In base 12, what is 83 - -121?
1a4
In base 3, what is -202002120 + -22?
-202002212
In base 15, what is 6 + e5c16?
e5c1c
In base 15, what is -2355 - -60?
-22e5
In base 9, what is -115 - 32664?
-32780
In base 13, what is 1 + 518?
519
In base 11, what is a + 32138?
32147
In base 5, what is 341 + 1221?
2112
In base 2, what is -1001010100 - 1001000110?
-10010011010
In base 3, what is -100 + 100002102011?
100002101211
In base 8, what is -155100 - 20?
-155120
In base 2, what is -1110100 - 10001100?
-100000000
In base 15, what is 3a7 - 22a?
17c
In base 6, what is 353 - -5402?
10155
In base 4, what is 13 + 122013?
122032
In base 6, what is 104252 - -2100?
110352
In base 7, what is 144 - 541?
-364
In base 6, what is 14531 - 1302?
13225
In base 9, what is -33540 + 46?
-33483
In base 4, what is 21220312000 - 11?
21220311323
In base 7, what is 115 - 164460?
-164342
In base 10, what is 1 - -550874?
550875
In base 6, what is -121 + 330?
205
In base 8, what is -2150 - -275?
-1653
In base 14, what is -12 - -167cc?
167ba
In base 14, what is -1c - 15a2?
-15c0
In base 11, what is 1a0446 + -5?
1a0441
In base 7, what is 35 - -555?
623
In base 4, what is 102103032 - -1?
102103033
In base 16, what is 5 - 2b41?
-2b3c
In base 6, what is -1205120 - 1?
-1205121
In base 5, what is 30023100 - 1?
30023044
In base 10, what is -5003 + 15?
-4988
In base 11, what is 137 + 7851?
7988
In base 9, what is 26 + -23034?
-23007
In base 13, what is 14 - 715c?
-7148
In base 13, what is -4 - -3832?
382b
In base 13, what is bc20 - 66?
bb87
In base 15, what is -a442 + -2?
-a444
In base 11, what is 2 + a202?
a204
In base 9, what is 0 + 143146?
143146
In base 2, what is -111001101110001010001 + 1?
-111001101110001010000
In base 3, what is 112010 + -112?
111121
In base 12, what is b7 - -26?
121
In base 2, what is -111101010001111 + 11101100?
-111100110100011
In base 4, what is -3 - 1002311?
-1002320
In base 2, what is 10110110011111 - -11?
10110110100010
In base 12, what is 348 + -2?
346
In base 16, what is -21b3fa - 5?
-21b3ff
In base 2, what is 111000011110000011101 - -101?
111000011110000100010
In base 14, what is bba + 10?
bca
In base 5, what is -10 - 1124023?
-1124033
In base 10, what is -8 - 235400?
-235408
In base 10, what is 8 + -3058?
-3050
In base 15, what is -e12 - -2?
-e10
In base 14, what is -2 + -4748?
-474a
In base 4, what is 3300103 + 2?
3300111
In base 16, what is 5772fa - -3?
5772fd
In base 7, what is -31042101 + 1?
-31042100
In base 8, what is 350764 + -6?
350756
In base 11, what is -10629 + -51?
-1067a
In base 14, what is 9612 - -8d?
96a1
In base 10, what is 460 - 2?
458
In base 9, what is 164144 + -14?
164130
In base 5, what is -2021 - 130?
-2201
In base 4, what is 120011222 + -2?
120011220
In base 2, what is -101 - -10011110001000000?
10011110000111011
In base 5, what is -31004022 + -1?
-31004023
In base 11, what is -11 + 19052?
19041
In base 8, what is -4 + -14026?
-14032
In base 9, what is 167 - 8078?
-7811
In base 4, what is 100233 + -111?
100122
In base 7, what is 10 + -3354?
-3344
In base 13, what is -3550 + 2?
-354b
In base 10, what is -156 + -9772?
-9928
In base 15, what is -790 - 35?
-7c5
In base 3, what is 1122111021 + -12?
1122111002
In base 16, what is 8 - -1392c?
13934
In base 11, what is -177 - -13008?
12941
In base 15, what is 27 + -592d?
-5906
In base 11, what is -20437 - 0?
-20437
In base 10, what is 2272 + 33?
2305
In base 15, what is d - -b15b?
b169
In base 15, what is -147 - b18?
-c60
In base 8, what is 1 - -106263?
106264
In base 2, what is -100000111 - -11110011?
-10100
In base 15, what is -1b - -d04c?
d031
In base 3, what is 101100 - -20202222?
21011022
In base 13, what is -3 - -202c7?
202c4
In base 11, what is 5 + 4446?
4450
In base 13, what is 5 + c132?
c137
In base 12, what is 75 + -152?
-99
In base 4, what is -10323 - -212?
-10111
In base 3, what is -12 - -12202112201?
12202112112
In base 8, what is 106 + 1702?
2010
In base 4, what is -1 - 2133230?
-2133231
In base 9, what is 54 + 6563?
6627
In base 4, what is -20 + 122111123?
122111103
In base 4, what is 22320101 - -2?
22320103
In base 10, what is 4 - 4496?
-4492
In base 13, what is 12acb2 - -4?
12acb6
In base 6, what is 113043 - 3?
113040
In base 2, what is -1011111 + -1101111010101010?
-1101111100001001
In base 5, what is -2 + 200002231?
200002224
In base 4, what is 3 - 1213300332?
-1213300323
In base 3, what is -1002 + 100102121?
100101112
In base 11, what is 1853683 + 0?
1853683
In base 3, what is -10111 - -10011?
-100
In base 4, what is -3 + -100223030?
-100223033
In base 5, what is -13203 - -20?
-13133
In base 15, what is -30189 + 2?
-30187
In base 16, what is -638f + 5c?
-6333
In base 13, what is 5 - -24076?
2407b
In base 15, wha